{"id":350,"date":"2024-08-29T20:19:03","date_gmt":"2024-08-29T20:19:03","guid":{"rendered":"https:\/\/puertomadero.com\/nuevo-sitio\/?page_id=350"},"modified":"2024-10-21T18:35:24","modified_gmt":"2024-10-21T18:35:24","slug":"andres-mirwald","status":"publish","type":"page","link":"https:\/\/puertomadero.com\/nuevo-sitio\/andres-mirwald\/","title":{"rendered":"ANDR\u00c9S MIRWALD"},"content":{"rendered":"<div class=\"wpb-content-wrapper\"><p>[vc_row full_width=\u00bbstretch_row_content\u00bb awb_type=\u00bbimage\u00bb awb_image_background_position=\u00bb50% 50%\u00bb css=\u00bb.vc_custom_1729535659441{padding-top: 60px !important;padding-bottom: 60px !important;}\u00bb awb_image=\u00bb351&#8243; el_id=\u00bbenDesktop\u00bb][vc_column][vc_empty_space height=\u00bb420&#8243;][\/vc_column][\/vc_row][vc_row full_width=\u00bbstretch_row_content_no_spaces\u00bb awb_type=\u00bbimage\u00bb el_id=\u00bbenMobile\u00bb][vc_column][vc_column_text css=\u00bb\u00bb]<img decoding=\"async\" class=\"alignnone size-full wp-image-779\" src=\"https:\/\/puertomadero.com\/nuevo-sitio\/wp-content\/uploads\/2024\/10\/PM_AndresMirwaldMOB.jpg\" alt=\"\" width=\"100%\" \/>[\/vc_column_text][\/vc_column][\/vc_row][vc_row full_width=\u00bbstretch_row_content\u00bb css=\u00bb.vc_custom_1725901320170{padding-top: 80px !important;padding-bottom: 20px !important;}\u00bb][vc_column width=\u00bb1\/6&#8243;][\/vc_column][vc_column width=\u00bb2\/3&#8243;][vc_column_text css=\u00bb.vc_custom_1724962212233{margin-bottom: 0px !important;}\u00bb]<\/p>\n<h1 class=\"roboto\" style=\"text-align: center;\">ANDR\u00c9S MIRWALD<\/h1>\n<p>[\/vc_column_text][vc_column_text css=\u00bb.vc_custom_1725901325726{margin-top: 10px !important;margin-bottom: 0px !important;}\u00bb]<\/p>\n<p class=\"destacado\" style=\"text-align: center;\">GUARDACOSTAS<br \/>\nHORMIG\u00d3N ARMADO \/ 1982<\/p>\n<p>[\/vc_column_text][\/vc_column][vc_column width=\u00bb1\/6&#8243;][\/vc_column][\/vc_row][vc_row full_width=\u00bbstretch_row_content\u00bb css=\u00bb.vc_custom_1724188803210{padding-top: 30px !important;padding-bottom: 40px !important;}\u00bb][vc_column width=\u00bb1\/6&#8243;][\/vc_column][vc_column width=\u00bb2\/3&#8243;][vc_column_text css=\u00bb.vc_custom_1725901332525{margin-top: 20px !important;}\u00bb]<\/p>\n<p class=\"destacado\" style=\"text-align: center;\">Inaugurado en 1982, el Monumento a la Prefectura Naval Argentina, de 8,5 metros de altura, honra a los miembros ca\u00eddos en servicio. La obra presenta a la Rep\u00fablica Argentina como una figura femenina con la proa de la lancha guardacostas GC-83 \u201cR\u00edo Iguaz\u00fa\u201d en la base, destacando su participaci\u00f3n en la Guerra de Malvinas. El mapa de Argentina en relieve simula el mar bajo la embarcaci\u00f3n, mientras que el pedestal exhibe bajorrelieves de un efectivo al mando de un tim\u00f3n y otro con un aro salvavidas.<\/p>\n<p>[\/vc_column_text][\/vc_column][vc_column width=\u00bb1\/6&#8243;][\/vc_column][\/vc_row][vc_row][vc_column][vc_empty_space height=\u00bb50px\u00bb][\/vc_column][\/vc_row]<\/p>\n<\/div>","protected":false},"excerpt":{"rendered":"<p>[vc_row full_width=\u00bbstretch_row_content\u00bb awb_type=\u00bbimage\u00bb awb_image_background_position=\u00bb50% 50%\u00bb css=\u00bb.vc_custom_1729535659441{padding-top: 60px !important;padding-bottom: 60px !important;}\u00bb awb_image=\u00bb351&#8243; el_id=\u00bbenDesktop\u00bb][vc_column][vc_empty_space height=\u00bb420&#8243;][\/vc_column][\/vc_row][vc_row full_width=\u00bbstretch_row_content_no_spaces\u00bb awb_type=\u00bbimage\u00bb el_id=\u00bbenMobile\u00bb][vc_column][vc_column_text css=\u00bb\u00bb][\/vc_column_text][\/vc_column][\/vc_row][vc_row full_width=\u00bbstretch_row_content\u00bb css=\u00bb.vc_custom_1725901320170{padding-top: 80px !important;padding-bottom: 20px !important;}\u00bb][vc_column width=\u00bb1\/6&#8243;][\/vc_column][vc_column width=\u00bb2\/3&#8243;][vc_column_text css=\u00bb.vc_custom_1724962212233{margin-bottom: 0px !important;}\u00bb] ANDR\u00c9S MIRWALD [\/vc_column_text][vc_column_text css=\u00bb.vc_custom_1725901325726{margin-top: 10px !important;margin-bottom: 0px !important;}\u00bb] GUARDACOSTAS HORMIG\u00d3N ARMADO \/ 1982 [\/vc_column_text][\/vc_column][vc_column width=\u00bb1\/6&#8243;][\/vc_column][\/vc_row][vc_row full_width=\u00bbstretch_row_content\u00bb css=\u00bb.vc_custom_1724188803210{padding-top: 30px !important;padding-bottom: 40px !important;}\u00bb][vc_column width=\u00bb1\/6&#8243;][\/vc_column][vc_column width=\u00bb2\/3&#8243;][vc_column_text css=\u00bb.vc_custom_1725901332525{margin-top: 20px !important;}\u00bb] Inaugurado [&hellip;]<\/p>\n","protected":false},"author":2,"featured_media":0,"parent":0,"menu_order":0,"comment_status":"closed","ping_status":"closed","template":"page-full-width.php","meta":{"footnotes":""},"class_list":["post-350","page","type-page","status-publish","hentry"],"_links":{"self":[{"href":"https:\/\/puertomadero.com\/nuevo-sitio\/wp-json\/wp\/v2\/pages\/350","targetHints":{"allow":["GET"]}}],"collection":[{"href":"https:\/\/puertomadero.com\/nuevo-sitio\/wp-json\/wp\/v2\/pages"}],"about":[{"href":"https:\/\/puertomadero.com\/nuevo-sitio\/wp-json\/wp\/v2\/types\/page"}],"author":[{"embeddable":true,"href":"https:\/\/puertomadero.com\/nuevo-sitio\/wp-json\/wp\/v2\/users\/2"}],"replies":[{"embeddable":true,"href":"https:\/\/puertomadero.com\/nuevo-sitio\/wp-json\/wp\/v2\/comments?post=350"}],"version-history":[{"count":3,"href":"https:\/\/puertomadero.com\/nuevo-sitio\/wp-json\/wp\/v2\/pages\/350\/revisions"}],"predecessor-version":[{"id":794,"href":"https:\/\/puertomadero.com\/nuevo-sitio\/wp-json\/wp\/v2\/pages\/350\/revisions\/794"}],"wp:attachment":[{"href":"https:\/\/puertomadero.com\/nuevo-sitio\/wp-json\/wp\/v2\/media?parent=350"}],"curies":[{"name":"wp","href":"https:\/\/api.w.org\/{rel}","templated":true}]}}

ANDRÉS MIRWALD

<div class="wpb-content-wrapper"><p>[vc_row full_width=»stretch_row_content» awb_type=»image» awb_image_background_position=»50% 50%» css=».vc_custom_1729535659441{padding-top: 60px !important;padding-bottom: 60px !important;}» awb_image=»351&#8243; el_id=»enDesktop»][vc_column][vc_empty_space height=»420&#8243;][/vc_column][/vc_row][vc_row full_width=»stretch_row_content_no_spaces» awb_type=»image» el_id=»enMobile»][vc_column][vc_column_text css=»»]<img decoding="async" class="alignnone size-full wp-image-779" src="https://puertomadero.com/nuevo-sitio/wp-content/uploads/2024/10/PM_AndresMirwaldMOB.jpg" alt="" width="100%" />[/vc_column_text][/vc_column][/vc_row][vc_row full_width=»stretch_row_content» css=».vc_custom_1725901320170{padding-top: 80px !important;padding-bottom: 20px !important;}»][vc_column width=»1/6&#8243;][/vc_column][vc_column width=»2/3&#8243;][vc_column_text css=».vc_custom_1724962212233{margin-bottom: 0px !important;}»]</p>
<h1 class="roboto" style="text-align: center;">ANDRÉS MIRWALD</h1>
<p>[/vc_column_text][vc_column_text css=».vc_custom_1725901325726{margin-top: 10px !important;margin-bottom: 0px !important;}»]</p>
<p class="destacado" style="text-align: center;">GUARDACOSTAS<br />
HORMIGÓN ARMADO / 1982</p>
<p>[/vc_column_text][/vc_column][vc_column width=»1/6&#8243;][/vc_column][/vc_row][vc_row full_width=»stretch_row_content» css=».vc_custom_1724188803210{padding-top: 30px !important;padding-bottom: 40px !important;}»][vc_column width=»1/6&#8243;][/vc_column][vc_column width=»2/3&#8243;][vc_column_text css=».vc_custom_1725901332525{margin-top: 20px !important;}»]</p>
<p class="destacado" style="text-align: center;">Inaugurado en 1982, el Monumento a la Prefectura Naval Argentina, de 8,5 metros de altura, honra a los miembros caídos en servicio. La obra presenta a la República Argentina como una figura femenina con la proa de la lancha guardacostas GC-83 “Río Iguazú” en la base, destacando su participación en la Guerra de Malvinas. El mapa de Argentina en relieve simula el mar bajo la embarcación, mientras que el pedestal exhibe bajorrelieves de un efectivo al mando de un timón y otro con un aro salvavidas.</p>
<p>[/vc_column_text][/vc_column][vc_column width=»1/6&#8243;][/vc_column][/vc_row][vc_row][vc_column][vc_empty_space height=»50px»][/vc_column][/vc_row]</p>
</div>

<p>[vc_row full_width=»stretch_row_content» awb_type=»image» awb_image_background_position=»50% 50%» css=».vc_custom_1729535659441{padding-top: 60px !important;padding-bottom: 60px !important;}» awb_image=»351&#8243; el_id=»enDesktop»][vc_column][vc_empty_space height=»420&#8243;][/vc_column][/vc_row][vc_row full_width=»stretch_row_content_no_spaces» awb_type=»image» el_id=»enMobile»][vc_column][vc_column_text css=»»][/vc_column_text][/vc_column][/vc_row][vc_row full_width=»stretch_row_content» css=».vc_custom_1725901320170{padding-top: 80px !important;padding-bottom: 20px !important;}»][vc_column width=»1/6&#8243;][/vc_column][vc_column width=»2/3&#8243;][vc_column_text css=».vc_custom_1724962212233{margin-bottom: 0px !important;}»] ANDRÉS MIRWALD [/vc_column_text][vc_column_text css=».vc_custom_1725901325726{margin-top: 10px !important;margin-bottom: 0px !important;}»] GUARDACOSTAS HORMIGÓN ARMADO / 1982 [/vc_column_text][/vc_column][vc_column width=»1/6&#8243;][/vc_column][/vc_row][vc_row full_width=»stretch_row_content» css=».vc_custom_1724188803210{padding-top: 30px !important;padding-bottom: 40px !important;}»][vc_column width=»1/6&#8243;][/vc_column][vc_column width=»2/3&#8243;][vc_column_text css=».vc_custom_1725901332525{margin-top: 20px !important;}»] Inaugurado [&hellip;]</p>
