{"id":552,"date":"2024-09-08T19:50:56","date_gmt":"2024-09-08T19:50:56","guid":{"rendered":"https:\/\/puertomadero.com\/nuevo-sitio\/?page_id=552"},"modified":"2024-10-31T17:42:17","modified_gmt":"2024-10-31T17:42:17","slug":"lofts-de-madero","status":"publish","type":"page","link":"https:\/\/puertomadero.com\/nuevo-sitio\/lofts-de-madero\/","title":{"rendered":"LOFTS DE MADERO"},"content":{"rendered":"<div class=\"wpb-content-wrapper\"><p>[vc_row full_width=\u00bbstretch_row_content\u00bb awb_type=\u00bbimage\u00bb awb_image_background_position=\u00bb50% 50%\u00bb css=\u00bb.vc_custom_1730396377757{padding-top: 60px !important;padding-bottom: 60px !important;}\u00bb awb_image=\u00bb845&#8243; el_id=\u00bbenDesktop\u00bb][vc_column][vc_empty_space height=\u00bb420&#8243;][\/vc_column][\/vc_row][vc_row full_width=\u00bbstretch_row_content_no_spaces\u00bb awb_type=\u00bbimage\u00bb el_id=\u00bbenMobile\u00bb][vc_column][vc_column_text css=\u00bb\u00bb]<img decoding=\"async\" class=\"alignnone size-full wp-image-779\" src=\"https:\/\/puertomadero.com\/nuevo-sitio\/wp-content\/uploads\/2024\/10\/MOBILE-lofts-de-madero.jpg\" alt=\"\" width=\"100%\" \/><\/p>\n<p>[\/vc_column_text][\/vc_column][\/vc_row][vc_row full_width=\u00bbstretch_row_content\u00bb css=\u00bb.vc_custom_1725558985348{padding-top: 80px !important;padding-bottom: 20px !important;}\u00bb][vc_column width=\u00bb1\/6&#8243;][\/vc_column][vc_column width=\u00bb2\/3&#8243;][vc_column_text css=\u00bb.vc_custom_1725824510866{margin-bottom: 0px !important;}\u00bb]<\/p>\n<h1 class=\"roboto\" style=\"text-align: center;\">LOFTS DE MADERO<\/h1>\n<p>[\/vc_column_text][vc_column_text css=\u00bb.vc_custom_1725824567878{margin-top: 10px !important;margin-bottom: 10px !important;}\u00bb]<\/p>\n<p class=\"destacado\" style=\"text-align: center;\">MIGUEL BAUDIZZONE \/ JORGE LESTARD \/ ALBERTO VARAS<br \/>\n1993 &#8211; 1996<\/p>\n<p>[\/vc_column_text][\/vc_column][vc_column width=\u00bb1\/6&#8243;][\/vc_column][\/vc_row][vc_row full_width=\u00bbstretch_row_content\u00bb css=\u00bb.vc_custom_1724188803210{padding-top: 30px !important;padding-bottom: 40px !important;}\u00bb][vc_column width=\u00bb1\/6&#8243;][\/vc_column][vc_column width=\u00bb2\/3&#8243;][vc_column_text css=\u00bb.vc_custom_1725824584308{margin-top: 20px !important;margin-bottom: 10px !important;}\u00bb]<\/p>\n<p class=\"destacado\" style=\"text-align: center;\">El proyecto para el Dock 7 combina la preservaci\u00f3n del edificio original con nuevas intervenciones. Se han a\u00f1adido tres vol\u00famenes para n\u00facleos de circulaci\u00f3n y patios, adaptando el espacio para lofts y creando dos \u00e1reas diferenciadas. Las nuevas incorporaciones incluyen una cubierta curva, aberturas en planta baja y estructuras met\u00e1licas rojas que enmarcan accesos vidriados, facilitando la conexi\u00f3n con espacios p\u00fablicos. El objetivo es fusionar el valor hist\u00f3rico con elementos contempor\u00e1neos, reflejando la interacci\u00f3n entre lo antiguo y lo nuevo en la arquitectura urbana.<\/p>\n<p>[\/vc_column_text][\/vc_column][vc_column width=\u00bb1\/6&#8243;][\/vc_column][\/vc_row][vc_row][vc_column][vc_empty_space height=\u00bb50px\u00bb][\/vc_column][\/vc_row]<\/p>\n<\/div>","protected":false},"excerpt":{"rendered":"<p>[vc_row full_width=\u00bbstretch_row_content\u00bb awb_type=\u00bbimage\u00bb awb_image_background_position=\u00bb50% 50%\u00bb css=\u00bb.vc_custom_1730396377757{padding-top: 60px !important;padding-bottom: 60px !important;}\u00bb awb_image=\u00bb845&#8243; el_id=\u00bbenDesktop\u00bb][vc_column][vc_empty_space height=\u00bb420&#8243;][\/vc_column][\/vc_row][vc_row full_width=\u00bbstretch_row_content_no_spaces\u00bb awb_type=\u00bbimage\u00bb el_id=\u00bbenMobile\u00bb][vc_column][vc_column_text css=\u00bb\u00bb] [\/vc_column_text][\/vc_column][\/vc_row][vc_row full_width=\u00bbstretch_row_content\u00bb css=\u00bb.vc_custom_1725558985348{padding-top: 80px !important;padding-bottom: 20px !important;}\u00bb][vc_column width=\u00bb1\/6&#8243;][\/vc_column][vc_column width=\u00bb2\/3&#8243;][vc_column_text css=\u00bb.vc_custom_1725824510866{margin-bottom: 0px !important;}\u00bb] LOFTS DE MADERO [\/vc_column_text][vc_column_text css=\u00bb.vc_custom_1725824567878{margin-top: 10px !important;margin-bottom: 10px !important;}\u00bb] MIGUEL BAUDIZZONE \/ JORGE LESTARD \/ ALBERTO VARAS 1993 &#8211; 1996 [\/vc_column_text][\/vc_column][vc_column width=\u00bb1\/6&#8243;][\/vc_column][\/vc_row][vc_row full_width=\u00bbstretch_row_content\u00bb css=\u00bb.vc_custom_1724188803210{padding-top: 30px !important;padding-bottom: [&hellip;]<\/p>\n","protected":false},"author":2,"featured_media":0,"parent":0,"menu_order":0,"comment_status":"closed","ping_status":"closed","template":"page-full-width.php","meta":{"footnotes":""},"class_list":["post-552","page","type-page","status-publish","hentry"],"_links":{"self":[{"href":"https:\/\/puertomadero.com\/nuevo-sitio\/wp-json\/wp\/v2\/pages\/552","targetHints":{"allow":["GET"]}}],"collection":[{"href":"https:\/\/puertomadero.com\/nuevo-sitio\/wp-json\/wp\/v2\/pages"}],"about":[{"href":"https:\/\/puertomadero.com\/nuevo-sitio\/wp-json\/wp\/v2\/types\/page"}],"author":[{"embeddable":true,"href":"https:\/\/puertomadero.com\/nuevo-sitio\/wp-json\/wp\/v2\/users\/2"}],"replies":[{"embeddable":true,"href":"https:\/\/puertomadero.com\/nuevo-sitio\/wp-json\/wp\/v2\/comments?post=552"}],"version-history":[{"count":4,"href":"https:\/\/puertomadero.com\/nuevo-sitio\/wp-json\/wp\/v2\/pages\/552\/revisions"}],"predecessor-version":[{"id":894,"href":"https:\/\/puertomadero.com\/nuevo-sitio\/wp-json\/wp\/v2\/pages\/552\/revisions\/894"}],"wp:attachment":[{"href":"https:\/\/puertomadero.com\/nuevo-sitio\/wp-json\/wp\/v2\/media?parent=552"}],"curies":[{"name":"wp","href":"https:\/\/api.w.org\/{rel}","templated":true}]}}

<div class="wpb-content-wrapper"><p>[vc_row full_width=»stretch_row_content» awb_type=»image» awb_image_background_position=»50% 50%» css=».vc_custom_1730396377757{padding-top: 60px !important;padding-bottom: 60px !important;}» awb_image=»845&#8243; el_id=»enDesktop»][vc_column][vc_empty_space height=»420&#8243;][/vc_column][/vc_row][vc_row full_width=»stretch_row_content_no_spaces» awb_type=»image» el_id=»enMobile»][vc_column][vc_column_text css=»»]<img decoding="async" class="alignnone size-full wp-image-779" src="https://puertomadero.com/nuevo-sitio/wp-content/uploads/2024/10/MOBILE-lofts-de-madero.jpg" alt="" width="100%" /></p>
<p>[/vc_column_text][/vc_column][/vc_row][vc_row full_width=»stretch_row_content» css=».vc_custom_1725558985348{padding-top: 80px !important;padding-bottom: 20px !important;}»][vc_column width=»1/6&#8243;][/vc_column][vc_column width=»2/3&#8243;][vc_column_text css=».vc_custom_1725824510866{margin-bottom: 0px !important;}»]</p>
<h1 class="roboto" style="text-align: center;">LOFTS DE MADERO</h1>
<p>[/vc_column_text][vc_column_text css=».vc_custom_1725824567878{margin-top: 10px !important;margin-bottom: 10px !important;}»]</p>
<p class="destacado" style="text-align: center;">MIGUEL BAUDIZZONE / JORGE LESTARD / ALBERTO VARAS<br />
1993 &#8211; 1996</p>
<p>[/vc_column_text][/vc_column][vc_column width=»1/6&#8243;][/vc_column][/vc_row][vc_row full_width=»stretch_row_content» css=».vc_custom_1724188803210{padding-top: 30px !important;padding-bottom: 40px !important;}»][vc_column width=»1/6&#8243;][/vc_column][vc_column width=»2/3&#8243;][vc_column_text css=».vc_custom_1725824584308{margin-top: 20px !important;margin-bottom: 10px !important;}»]</p>
<p class="destacado" style="text-align: center;">El proyecto para el Dock 7 combina la preservación del edificio original con nuevas intervenciones. Se han añadido tres volúmenes para núcleos de circulación y patios, adaptando el espacio para lofts y creando dos áreas diferenciadas. Las nuevas incorporaciones incluyen una cubierta curva, aberturas en planta baja y estructuras metálicas rojas que enmarcan accesos vidriados, facilitando la conexión con espacios públicos. El objetivo es fusionar el valor histórico con elementos contemporáneos, reflejando la interacción entre lo antiguo y lo nuevo en la arquitectura urbana.</p>
<p>[/vc_column_text][/vc_column][vc_column width=»1/6&#8243;][/vc_column][/vc_row][vc_row][vc_column][vc_empty_space height=»50px»][/vc_column][/vc_row]</p>
</div>
