{"id":564,"date":"2024-09-08T19:58:09","date_gmt":"2024-09-08T19:58:09","guid":{"rendered":"https:\/\/puertomadero.com\/nuevo-sitio\/?page_id=564"},"modified":"2024-10-31T18:17:06","modified_gmt":"2024-10-31T18:17:06","slug":"torre-ypf","status":"publish","type":"page","link":"https:\/\/puertomadero.com\/nuevo-sitio\/torre-ypf\/","title":{"rendered":"TORRE YPF"},"content":{"rendered":"<div class=\"wpb-content-wrapper\"><p>[vc_row full_width=\u00bbstretch_row_content\u00bb awb_type=\u00bbimage\u00bb awb_image_background_position=\u00bb50% 50%\u00bb css=\u00bb.vc_custom_1730398552392{padding-top: 60px !important;padding-bottom: 60px !important;}\u00bb awb_image=\u00bb851&#8243; el_id=\u00bbenDesktop\u00bb][vc_column][vc_empty_space height=\u00bb420&#8243;][\/vc_column][\/vc_row][vc_row full_width=\u00bbstretch_row_content_no_spaces\u00bb awb_type=\u00bbimage\u00bb el_id=\u00bbenMobile\u00bb][vc_column][vc_column_text css=\u00bb\u00bb]<img decoding=\"async\" class=\"alignnone size-full wp-image-779\" src=\"https:\/\/puertomadero.com\/nuevo-sitio\/wp-content\/uploads\/2024\/10\/MOBILE-torre-YPF.jpg\" alt=\"\" width=\"100%\" \/><br \/>\n[\/vc_column_text][\/vc_column][\/vc_row][vc_row full_width=\u00bbstretch_row_content\u00bb css=\u00bb.vc_custom_1725558985348{padding-top: 80px !important;padding-bottom: 20px !important;}\u00bb][vc_column width=\u00bb1\/6&#8243;][\/vc_column][vc_column width=\u00bb2\/3&#8243;][vc_column_text css=\u00bb.vc_custom_1725824975793{margin-bottom: 0px !important;}\u00bb]<\/p>\n<h1 class=\"roboto\" style=\"text-align: center;\">TORRE YPF<\/h1>\n<p>[\/vc_column_text][vc_column_text css=\u00bb.vc_custom_1730398496382{margin-top: 10px !important;margin-bottom: 10px !important;}\u00bb]<\/p>\n<p class=\"destacado\" style=\"text-align: center;\">C\u00c9SAR PELLI<br \/>\n2001-2008<\/p>\n<p>[\/vc_column_text][\/vc_column][vc_column width=\u00bb1\/6&#8243;][\/vc_column][\/vc_row][vc_row full_width=\u00bbstretch_row_content\u00bb css=\u00bb.vc_custom_1724188803210{padding-top: 30px !important;padding-bottom: 40px !important;}\u00bb][vc_column width=\u00bb1\/6&#8243;][\/vc_column][vc_column width=\u00bb2\/3&#8243;][vc_column_text css=\u00bb.vc_custom_1725825016809{margin-top: 20px !important;margin-bottom: 10px !important;}\u00bb]<\/p>\n<p class=\"destacado\" style=\"text-align: center;\">La forma de este edificio resulta de la combinaci\u00f3n de un cuadrado de lados curvos rotado 45 grados, apuntando uno de sus v\u00e9rtices hacia el centro de la ciudad, con un tri\u00e1ngulo tambi\u00e9n de lados curvos y con otrade sus puntas se\u00f1alado hacia el r\u00edo y evocando a la proa de un barco. La planta tipo presenta un n\u00facleo central de servicios y circulaci\u00f3n, y las fachadas tienen dise\u00f1os contrastantes: una con paneles de aluminio y vidrio que reflejan el r\u00edo, y otra con una grilla de vidrio y acero inoxidable que incluye un jard\u00edn de invierno con \u00e1rboles que se ubica entre los pisos 26 y 31.<\/p>\n<p>[\/vc_column_text][\/vc_column][vc_column width=\u00bb1\/6&#8243;][\/vc_column][\/vc_row][vc_row][vc_column][vc_empty_space height=\u00bb50px\u00bb][\/vc_column][\/vc_row]<\/p>\n<\/div>","protected":false},"excerpt":{"rendered":"<p>[vc_row full_width=\u00bbstretch_row_content\u00bb awb_type=\u00bbimage\u00bb awb_image_background_position=\u00bb50% 50%\u00bb css=\u00bb.vc_custom_1730398552392{padding-top: 60px !important;padding-bottom: 60px !important;}\u00bb awb_image=\u00bb851&#8243; el_id=\u00bbenDesktop\u00bb][vc_column][vc_empty_space height=\u00bb420&#8243;][\/vc_column][\/vc_row][vc_row full_width=\u00bbstretch_row_content_no_spaces\u00bb awb_type=\u00bbimage\u00bb el_id=\u00bbenMobile\u00bb][vc_column][vc_column_text css=\u00bb\u00bb] [\/vc_column_text][\/vc_column][\/vc_row][vc_row full_width=\u00bbstretch_row_content\u00bb css=\u00bb.vc_custom_1725558985348{padding-top: 80px !important;padding-bottom: 20px !important;}\u00bb][vc_column width=\u00bb1\/6&#8243;][\/vc_column][vc_column width=\u00bb2\/3&#8243;][vc_column_text css=\u00bb.vc_custom_1725824975793{margin-bottom: 0px !important;}\u00bb] TORRE YPF [\/vc_column_text][vc_column_text css=\u00bb.vc_custom_1730398496382{margin-top: 10px !important;margin-bottom: 10px !important;}\u00bb] C\u00c9SAR PELLI 2001-2008 [\/vc_column_text][\/vc_column][vc_column width=\u00bb1\/6&#8243;][\/vc_column][\/vc_row][vc_row full_width=\u00bbstretch_row_content\u00bb css=\u00bb.vc_custom_1724188803210{padding-top: 30px !important;padding-bottom: 40px !important;}\u00bb][vc_column width=\u00bb1\/6&#8243;][\/vc_column][vc_column width=\u00bb2\/3&#8243;][vc_column_text css=\u00bb.vc_custom_1725825016809{margin-top: 20px !important;margin-bottom: 10px !important;}\u00bb] [&hellip;]<\/p>\n","protected":false},"author":2,"featured_media":0,"parent":0,"menu_order":0,"comment_status":"closed","ping_status":"closed","template":"page-full-width.php","meta":{"footnotes":""},"class_list":["post-564","page","type-page","status-publish","hentry"],"_links":{"self":[{"href":"https:\/\/puertomadero.com\/nuevo-sitio\/wp-json\/wp\/v2\/pages\/564","targetHints":{"allow":["GET"]}}],"collection":[{"href":"https:\/\/puertomadero.com\/nuevo-sitio\/wp-json\/wp\/v2\/pages"}],"about":[{"href":"https:\/\/puertomadero.com\/nuevo-sitio\/wp-json\/wp\/v2\/types\/page"}],"author":[{"embeddable":true,"href":"https:\/\/puertomadero.com\/nuevo-sitio\/wp-json\/wp\/v2\/users\/2"}],"replies":[{"embeddable":true,"href":"https:\/\/puertomadero.com\/nuevo-sitio\/wp-json\/wp\/v2\/comments?post=564"}],"version-history":[{"count":3,"href":"https:\/\/puertomadero.com\/nuevo-sitio\/wp-json\/wp\/v2\/pages\/564\/revisions"}],"predecessor-version":[{"id":906,"href":"https:\/\/puertomadero.com\/nuevo-sitio\/wp-json\/wp\/v2\/pages\/564\/revisions\/906"}],"wp:attachment":[{"href":"https:\/\/puertomadero.com\/nuevo-sitio\/wp-json\/wp\/v2\/media?parent=564"}],"curies":[{"name":"wp","href":"https:\/\/api.w.org\/{rel}","templated":true}]}}

<div class="wpb-content-wrapper"><p>[vc_row full_width=»stretch_row_content» awb_type=»image» awb_image_background_position=»50% 50%» css=».vc_custom_1730398552392{padding-top: 60px !important;padding-bottom: 60px !important;}» awb_image=»851&#8243; el_id=»enDesktop»][vc_column][vc_empty_space height=»420&#8243;][/vc_column][/vc_row][vc_row full_width=»stretch_row_content_no_spaces» awb_type=»image» el_id=»enMobile»][vc_column][vc_column_text css=»»]<img decoding="async" class="alignnone size-full wp-image-779" src="https://puertomadero.com/nuevo-sitio/wp-content/uploads/2024/10/MOBILE-torre-YPF.jpg" alt="" width="100%" /><br />
[/vc_column_text][/vc_column][/vc_row][vc_row full_width=»stretch_row_content» css=».vc_custom_1725558985348{padding-top: 80px !important;padding-bottom: 20px !important;}»][vc_column width=»1/6&#8243;][/vc_column][vc_column width=»2/3&#8243;][vc_column_text css=».vc_custom_1725824975793{margin-bottom: 0px !important;}»]</p>
<h1 class="roboto" style="text-align: center;">TORRE YPF</h1>
<p>[/vc_column_text][vc_column_text css=».vc_custom_1730398496382{margin-top: 10px !important;margin-bottom: 10px !important;}»]</p>
<p class="destacado" style="text-align: center;">CÉSAR PELLI<br />
2001-2008</p>
<p>[/vc_column_text][/vc_column][vc_column width=»1/6&#8243;][/vc_column][/vc_row][vc_row full_width=»stretch_row_content» css=».vc_custom_1724188803210{padding-top: 30px !important;padding-bottom: 40px !important;}»][vc_column width=»1/6&#8243;][/vc_column][vc_column width=»2/3&#8243;][vc_column_text css=».vc_custom_1725825016809{margin-top: 20px !important;margin-bottom: 10px !important;}»]</p>
<p class="destacado" style="text-align: center;">La forma de este edificio resulta de la combinación de un cuadrado de lados curvos rotado 45 grados, apuntando uno de sus vértices hacia el centro de la ciudad, con un triángulo también de lados curvos y con otrade sus puntas señalado hacia el río y evocando a la proa de un barco. La planta tipo presenta un núcleo central de servicios y circulación, y las fachadas tienen diseños contrastantes: una con paneles de aluminio y vidrio que reflejan el río, y otra con una grilla de vidrio y acero inoxidable que incluye un jardín de invierno con árboles que se ubica entre los pisos 26 y 31.</p>
<p>[/vc_column_text][/vc_column][vc_column width=»1/6&#8243;][/vc_column][/vc_row][vc_row][vc_column][vc_empty_space height=»50px»][/vc_column][/vc_row]</p>
</div>

<p>[vc_row full_width=»stretch_row_content» awb_type=»image» awb_image_background_position=»50% 50%» css=».vc_custom_1730398552392{padding-top: 60px !important;padding-bottom: 60px !important;}» awb_image=»851&#8243; el_id=»enDesktop»][vc_column][vc_empty_space height=»420&#8243;][/vc_column][/vc_row][vc_row full_width=»stretch_row_content_no_spaces» awb_type=»image» el_id=»enMobile»][vc_column][vc_column_text css=»»] [/vc_column_text][/vc_column][/vc_row][vc_row full_width=»stretch_row_content» css=».vc_custom_1725558985348{padding-top: 80px !important;padding-bottom: 20px !important;}»][vc_column width=»1/6&#8243;][/vc_column][vc_column width=»2/3&#8243;][vc_column_text css=».vc_custom_1725824975793{margin-bottom: 0px !important;}»] TORRE YPF [/vc_column_text][vc_column_text css=».vc_custom_1730398496382{margin-top: 10px !important;margin-bottom: 10px !important;}»] CÉSAR PELLI 2001-2008 [/vc_column_text][/vc_column][vc_column width=»1/6&#8243;][/vc_column][/vc_row][vc_row full_width=»stretch_row_content» css=».vc_custom_1724188803210{padding-top: 30px !important;padding-bottom: 40px !important;}»][vc_column width=»1/6&#8243;][/vc_column][vc_column width=»2/3&#8243;][vc_column_text css=».vc_custom_1725825016809{margin-top: 20px !important;margin-bottom: 10px !important;}»] [&hellip;]</p>
