{"id":570,"date":"2024-09-08T20:01:42","date_gmt":"2024-09-08T20:01:42","guid":{"rendered":"https:\/\/puertomadero.com\/nuevo-sitio\/?page_id=570"},"modified":"2024-10-31T18:19:24","modified_gmt":"2024-10-31T18:19:24","slug":"torres-el-faro","status":"publish","type":"page","link":"https:\/\/puertomadero.com\/nuevo-sitio\/torres-el-faro\/","title":{"rendered":"TORRES EL FARO"},"content":{"rendered":"<div class=\"wpb-content-wrapper\"><p>[vc_row full_width=\u00bbstretch_row_content\u00bb awb_type=\u00bbimage\u00bb awb_image_background_position=\u00bb50% 50%\u00bb css=\u00bb.vc_custom_1730398686148{padding-top: 60px !important;padding-bottom: 60px !important;}\u00bb awb_image=\u00bb852&#8243; el_id=\u00bbenDesktop\u00bb][vc_column][vc_empty_space height=\u00bb420&#8243;][\/vc_column][\/vc_row][vc_row full_width=\u00bbstretch_row_content_no_spaces\u00bb awb_type=\u00bbimage\u00bb el_id=\u00bbenMobile\u00bb][vc_column][vc_column_text css=\u00bb\u00bb]<img decoding=\"async\" class=\"alignnone size-full wp-image-779\" src=\"https:\/\/puertomadero.com\/nuevo-sitio\/wp-content\/uploads\/2024\/10\/MOBILE-torres-el-faro.jpg\" alt=\"\" width=\"100%\" \/><br \/>\n[\/vc_column_text][\/vc_column][\/vc_row][vc_row full_width=\u00bbstretch_row_content\u00bb css=\u00bb.vc_custom_1725558985348{padding-top: 80px !important;padding-bottom: 20px !important;}\u00bb][vc_column width=\u00bb1\/6&#8243;][\/vc_column][vc_column width=\u00bb2\/3&#8243;][vc_column_text css=\u00bb.vc_custom_1725825182113{margin-bottom: 0px !important;}\u00bb]<\/p>\n<h1 class=\"roboto\" style=\"text-align: center;\">TORRES EL FARO<\/h1>\n<p>[\/vc_column_text][vc_column_text css=\u00bb.vc_custom_1725825212151{margin-top: 10px !important;margin-bottom: 10px !important;}\u00bb]<\/p>\n<p class=\"destacado\" style=\"text-align: center;\">SILVIA HIRSCH \/ MAR\u00cdA DUJOVNE \/ BERARDO DUJOVNE<br \/>\n2000-2003 (torre 1) \/ 2003-2005 (torre 2)<\/p>\n<p>[\/vc_column_text][\/vc_column][vc_column width=\u00bb1\/6&#8243;][\/vc_column][\/vc_row][vc_row full_width=\u00bbstretch_row_content\u00bb css=\u00bb.vc_custom_1724188803210{padding-top: 30px !important;padding-bottom: 40px !important;}\u00bb][vc_column width=\u00bb1\/6&#8243;][\/vc_column][vc_column width=\u00bb2\/3&#8243;][vc_column_text css=\u00bb.vc_custom_1725825231905{margin-top: 20px !important;margin-bottom: 10px !important;}\u00bb]<\/p>\n<p class=\"destacado\" style=\"text-align: center;\">Las Torres El Faro son dos rascacielos de 160 metros conectados por puentes a diferentes niveles, ubicados cerca del r\u00edo en el Boulevard Azucena Villaflor. Cada torre tiene 46 pisos, con un mirador en el \u00faltimo nivel, y \u00e1reas comunes como una piscina sobre la cubierta de las cocheras. Los departamentos de gran tama\u00f1o est\u00e1n dispuestos alrededor de n\u00facleos de circulaci\u00f3n vertical. La estructura de hormig\u00f3n armado permite flexibilidad interior y los puentes, hechos de hormig\u00f3n y metal, permiten movimientos independientes entre torres. La fachada combina hormig\u00f3n pintado y vidrio.<\/p>\n<p>[\/vc_column_text][\/vc_column][vc_column width=\u00bb1\/6&#8243;][\/vc_column][\/vc_row][vc_row][vc_column][vc_empty_space height=\u00bb50px\u00bb][\/vc_column][\/vc_row]<\/p>\n<\/div>","protected":false},"excerpt":{"rendered":"<p>[vc_row full_width=\u00bbstretch_row_content\u00bb awb_type=\u00bbimage\u00bb awb_image_background_position=\u00bb50% 50%\u00bb css=\u00bb.vc_custom_1730398686148{padding-top: 60px !important;padding-bottom: 60px !important;}\u00bb awb_image=\u00bb852&#8243; el_id=\u00bbenDesktop\u00bb][vc_column][vc_empty_space height=\u00bb420&#8243;][\/vc_column][\/vc_row][vc_row full_width=\u00bbstretch_row_content_no_spaces\u00bb awb_type=\u00bbimage\u00bb el_id=\u00bbenMobile\u00bb][vc_column][vc_column_text css=\u00bb\u00bb] [\/vc_column_text][\/vc_column][\/vc_row][vc_row full_width=\u00bbstretch_row_content\u00bb css=\u00bb.vc_custom_1725558985348{padding-top: 80px !important;padding-bottom: 20px !important;}\u00bb][vc_column width=\u00bb1\/6&#8243;][\/vc_column][vc_column width=\u00bb2\/3&#8243;][vc_column_text css=\u00bb.vc_custom_1725825182113{margin-bottom: 0px !important;}\u00bb] TORRES EL FARO [\/vc_column_text][vc_column_text css=\u00bb.vc_custom_1725825212151{margin-top: 10px !important;margin-bottom: 10px !important;}\u00bb] SILVIA HIRSCH \/ MAR\u00cdA DUJOVNE \/ BERARDO DUJOVNE 2000-2003 (torre 1) \/ 2003-2005 (torre 2) [\/vc_column_text][\/vc_column][vc_column width=\u00bb1\/6&#8243;][\/vc_column][\/vc_row][vc_row [&hellip;]<\/p>\n","protected":false},"author":2,"featured_media":0,"parent":0,"menu_order":0,"comment_status":"closed","ping_status":"closed","template":"page-full-width.php","meta":{"footnotes":""},"class_list":["post-570","page","type-page","status-publish","hentry"],"_links":{"self":[{"href":"https:\/\/puertomadero.com\/nuevo-sitio\/wp-json\/wp\/v2\/pages\/570","targetHints":{"allow":["GET"]}}],"collection":[{"href":"https:\/\/puertomadero.com\/nuevo-sitio\/wp-json\/wp\/v2\/pages"}],"about":[{"href":"https:\/\/puertomadero.com\/nuevo-sitio\/wp-json\/wp\/v2\/types\/page"}],"author":[{"embeddable":true,"href":"https:\/\/puertomadero.com\/nuevo-sitio\/wp-json\/wp\/v2\/users\/2"}],"replies":[{"embeddable":true,"href":"https:\/\/puertomadero.com\/nuevo-sitio\/wp-json\/wp\/v2\/comments?post=570"}],"version-history":[{"count":3,"href":"https:\/\/puertomadero.com\/nuevo-sitio\/wp-json\/wp\/v2\/pages\/570\/revisions"}],"predecessor-version":[{"id":908,"href":"https:\/\/puertomadero.com\/nuevo-sitio\/wp-json\/wp\/v2\/pages\/570\/revisions\/908"}],"wp:attachment":[{"href":"https:\/\/puertomadero.com\/nuevo-sitio\/wp-json\/wp\/v2\/media?parent=570"}],"curies":[{"name":"wp","href":"https:\/\/api.w.org\/{rel}","templated":true}]}}

<div class="wpb-content-wrapper"><p>[vc_row full_width=»stretch_row_content» awb_type=»image» awb_image_background_position=»50% 50%» css=».vc_custom_1730398686148{padding-top: 60px !important;padding-bottom: 60px !important;}» awb_image=»852&#8243; el_id=»enDesktop»][vc_column][vc_empty_space height=»420&#8243;][/vc_column][/vc_row][vc_row full_width=»stretch_row_content_no_spaces» awb_type=»image» el_id=»enMobile»][vc_column][vc_column_text css=»»]<img decoding="async" class="alignnone size-full wp-image-779" src="https://puertomadero.com/nuevo-sitio/wp-content/uploads/2024/10/MOBILE-torres-el-faro.jpg" alt="" width="100%" /><br />
[/vc_column_text][/vc_column][/vc_row][vc_row full_width=»stretch_row_content» css=».vc_custom_1725558985348{padding-top: 80px !important;padding-bottom: 20px !important;}»][vc_column width=»1/6&#8243;][/vc_column][vc_column width=»2/3&#8243;][vc_column_text css=».vc_custom_1725825182113{margin-bottom: 0px !important;}»]</p>
<h1 class="roboto" style="text-align: center;">TORRES EL FARO</h1>
<p>[/vc_column_text][vc_column_text css=».vc_custom_1725825212151{margin-top: 10px !important;margin-bottom: 10px !important;}»]</p>
<p class="destacado" style="text-align: center;">SILVIA HIRSCH / MARÍA DUJOVNE / BERARDO DUJOVNE<br />
2000-2003 (torre 1) / 2003-2005 (torre 2)</p>
<p>[/vc_column_text][/vc_column][vc_column width=»1/6&#8243;][/vc_column][/vc_row][vc_row full_width=»stretch_row_content» css=».vc_custom_1724188803210{padding-top: 30px !important;padding-bottom: 40px !important;}»][vc_column width=»1/6&#8243;][/vc_column][vc_column width=»2/3&#8243;][vc_column_text css=».vc_custom_1725825231905{margin-top: 20px !important;margin-bottom: 10px !important;}»]</p>
<p class="destacado" style="text-align: center;">Las Torres El Faro son dos rascacielos de 160 metros conectados por puentes a diferentes niveles, ubicados cerca del río en el Boulevard Azucena Villaflor. Cada torre tiene 46 pisos, con un mirador en el último nivel, y áreas comunes como una piscina sobre la cubierta de las cocheras. Los departamentos de gran tamaño están dispuestos alrededor de núcleos de circulación vertical. La estructura de hormigón armado permite flexibilidad interior y los puentes, hechos de hormigón y metal, permiten movimientos independientes entre torres. La fachada combina hormigón pintado y vidrio.</p>
<p>[/vc_column_text][/vc_column][vc_column width=»1/6&#8243;][/vc_column][/vc_row][vc_row][vc_column][vc_empty_space height=»50px»][/vc_column][/vc_row]</p>
</div>

<p>[vc_row full_width=»stretch_row_content» awb_type=»image» awb_image_background_position=»50% 50%» css=».vc_custom_1730398686148{padding-top: 60px !important;padding-bottom: 60px !important;}» awb_image=»852&#8243; el_id=»enDesktop»][vc_column][vc_empty_space height=»420&#8243;][/vc_column][/vc_row][vc_row full_width=»stretch_row_content_no_spaces» awb_type=»image» el_id=»enMobile»][vc_column][vc_column_text css=»»] [/vc_column_text][/vc_column][/vc_row][vc_row full_width=»stretch_row_content» css=».vc_custom_1725558985348{padding-top: 80px !important;padding-bottom: 20px !important;}»][vc_column width=»1/6&#8243;][/vc_column][vc_column width=»2/3&#8243;][vc_column_text css=».vc_custom_1725825182113{margin-bottom: 0px !important;}»] TORRES EL FARO [/vc_column_text][vc_column_text css=».vc_custom_1725825212151{margin-top: 10px !important;margin-bottom: 10px !important;}»] SILVIA HIRSCH / MARÍA DUJOVNE / BERARDO DUJOVNE 2000-2003 (torre 1) / 2003-2005 (torre 2) [/vc_column_text][/vc_column][vc_column width=»1/6&#8243;][/vc_column][/vc_row][vc_row [&hellip;]</p>
